is the remainder when 2/((-2)/33*18/(-48)) is divided by i?
28
Let f = 11120 - 180. What is the remainder when f is divided by 7?
6
Let s = -8780 + 8817. Calculate the remainder when 255 is divided by s.
33
Let u = 75 + 11. Suppose 0 = -8*x + u + 146. What is the remainder when 59 is divided by x?
1
Let d(p) = 57*p + 1141. Calculate the remainder when d(-18) is divided by 58.
57
Let r = -646 + 776. Calculate the remainder when 399 is divided by r.
9
Calculate the remainder when ((2 - 5)/(-9))/((-3)/(-2439)) is divided by 28.
19
Let x = 1512 + 761. Calculate the remainder when x is divided by 99.
95
What is the remainder when 2/(-6) - ((-654968)/24)/19 is divided by 122?
94
Calculate the remainder when (5/(-3) + 1)*-9*(-279)/(-54) is divided by 21.
10
Suppose -4*g = -q + 14, 207*g - 209*g + 18 = 2*q. Calculate the remainder when 1167 is divided by q.
7
Let b = 18671 + -18662. Calculate the remainder when 962 is divided by b.
8
Suppose -46 = -r + 20*v - 19*v, 97 = 2*r - v. Suppose 0 = -x + n + 1, 0 = -5*x - 2*n + 5*n + 13. Calculate the remainder when r is divided by x.
1
Let v(n) = 81*n**2 + 184*n - 513. Calculate the remainder when v(3) is divided by 86.
80
Suppose 9*x - 326 + 227 = 0. What is the remainder when 6168 is divided by x?
8
Let b(t) = -2*t**2 + 51*t. Let d be b(11). Let u = d + -285. Calculate the remainder when u is divided by (-5)/(25/(-2))*45.
16
Suppose 119*g - 228*g = -108*g - 150. Calculate the remainder when 494 is divided by g.
44
Suppose -2*h + u = 0, u = -4*h - 19 + 7. Let x(g) = g**3 + 8*g**2 + 6*g - 1. Calculate the remainder when x(-5) is divided by ((-18)/h)/(-10*5/(-50)).
8
Let i(d) = 85*d**3 + 5*d - 6. Calculate the remainder when i(1) is divided by 3*(-55)/(-30)*8.
40
Let q = 1966 + -1732. What is the remainder when q is divided by 4?
2
Suppose 3499*n - 3504*n + 460 = 0. Calculate the remainder when 1103 is divided by n.
91
Let s(y) = y. Let u(d) = -47*d - 1. Let p(b) = -3*s(b) + u(b). What is the remainder when p(-1) is divided by ((-3587)/1688)/((-4)/32)?
15
Suppose 3*y - 111638 - 57616 = -15*y. What is the remainder when y is divided by 24?
19
Let c be (16/(-12))/(2/(-48)). Suppose -92 + 764 = c*q. Calculate the remainder when 123 is divided by q.
18
Suppose 3 = -7*k + 10*k. Let z be k/((-5)/(33 + -3)). What is the remainder when (24/(-16))/(z/16) is divided by 3?
1
Suppose -2*h + 4 = -u - 0*u, 2*h = -5*u + 4. Suppose -2*a + 102 = 5*q, u = 4*q + 4*a - 89 + 17. Calculate the remainder when 195 is divided by q.
19
Suppose r = -4*d + 662, d + d + 1274 = 2*r. Suppose -2*s = 3*t - 1, -10 = 3*t + 5*s + 1. Calculate the remainder when 16/72 + r/27 is divided by t.
0
Let w(p) = p**3 + 8*p**2 - 11*p - 15. Let z be w(-9). Suppose 0 = -z*b + 9*b - 54. Calculate the remainder when 161 is divided by ((-123)/b)/(-2*(-2)/(-12)).
38
Let j(r) = -99*r**3 - 3*r**2 + 8*r. Let w(g) = 198*g**3 + 6*g**2 - 15*g + 1. Let y(f) = 5*j(f) + 3*w(f). What is the remainder when y(1) is divided by 31?
7
Let v be 0/7 + 252 + 5. Let j = v + -98. Calculate the remainder when j is divided by 27.
24
Suppose -6*c = -c - 5*i - 12725, 0 = i + 8. What is the remainder when c is divided by 5?
2
Suppose 2*c - 11*c = 1683. Let k = c - -254. Calculate the remainder when 131 is divided by k.
64
Suppose 4*y - 110*c + 103*c = 168, 0 = -3*y - 4*c + 126. What is the remainder when 934 is divided by y?
10
Calculate the remainder when 259 is divided by 116/(-290) - 134/(-10).
12
Let u be ((-10)/6 + 1)*35793/194. Calculate the remainder when (-8 + (3 - -4))*u is divided by 9.
6
Let h(r) = 5*r**3 + 17*r**2 + r - 4. Let g be h(-3). Let k = 240 - g. What is the remainder when k is divided by 21?
19
Suppose 3*a = 4*l - 2*a + 2, 8 = 4*a. Suppose 7*s = -l*g + 5*s + 650, 3*g - 978 = -4*s. What is the remainder when g is divided by 18?
16
Let g = 82 + -77. Suppose -9*q = -g*q - 332. Suppose -3*b = 0, -4*d + 2*b + q = 3. What is the remainder when d is divided by 2?
0
Let k(c) = -2*c**2 + 23*c + 18. Let y be k(10). Suppose -j = j - 2*s - y, 12 = -3*s. Let t = 162 - 86. What is the remainder when t is divided by j?
16
Let x(u) = -3*u**2 - 52*u - 190. What is the remainder when 681 is divided by x(-8)?
1
Suppose -1510 = 4*j - 1654. Calculate the remainder when 251 is divided by j.
35
Let j(x) = -x**2 + 6*x + 4. Let q be ((-10)/3)/(10/(-15)). Suppose -2*m - q*y - 1 - 9 = 0, 4*y + 6 = -2*m. Calculate the remainder when 21 is divided by j(m).
3
Calculate the remainder when ((-1953)/54)/(((-15)/60)/(3/2)) is divided by 85.
47
Let n(i) = i**3 - 3*i**2 + 61*i - 356. Calculate the remainder when 1606 is divided by n(7).
4
Suppose -9*a - 57 = -381. Suppose -39*c = -a*c - 351. Suppose 87 = 4*z + 19. What is the remainder when c is divided by z?
15
Suppose -5*x - 14 = 2*p + 11, 20 = -4*x - 5*p. What is the remainder when (x/30*4)/(4/(-78)) is divided by 2?
1
Let v = 2 + 27. Suppose 16*l = 1347 + 93. Suppose -l = -4*k - 26. Calculate the remainder when v is divided by k.
13
Suppose 35*x - 14*x - 2392 = -25*x. What is the remainder when 1005 is divided by x?
17
What is the remainder when 855*-2*(-44)/(-24)*2/(-22) is divided by 130?
25
Suppose 9*q - 1205 = 5*q - 5*y, 0 = -2*q - 2*y + 604. Let o = 329 - q. What is the remainder when 92 is divided by o?
20
Suppose -57*t + 64*t - 2331 = 0. What is the remainder when t is divided by 111?
0
Let w(q) = 2*q**3 - 4*q**2 + 2*q. Let i be 21/((-15)/(-20)*2). Suppose 4*x + b - i = 79, 3*x = 2*b + 67. Calculate the remainder when x is divided by w(2).
3
Suppose -z = -5*q + 37, -2*q + 3*q + 7 = -z. What is the remainder when 8/z + 1184/12 is divided by 11?
10
Let z = -76 + 328. Let x = 289 - z. Suppose 13 = 3*r - 26. Calculate the remainder when x is divided by r.
11
Let u(v) = 3268*v + 954. What is the remainder when u(0) is divided by 931?
23
Suppose 144 = -5*n - 61. Let b = 47 + n. Calculate the remainder when -2*b/(-8)*(4 + 0) is divided by 2.
0
Let w be (-1 + 0)*5*27/45. Calculate the remainder when (-5)/(-25) + (732/(-5))/w is divided by 18.
13
Suppose 4 = 11*l - 51. Suppose l*c - 5*o = -35, -5*c + 2*c - o = 1. What is the remainder when (-5*4/(-30))/(c/(-21)) is divided by 2?
1
Suppose 0 = 310*a - 312*a + 132. Calculate the remainder when 1050 is divided by a.
60
Let u = -124 + 181. Suppose 4*j - 372 = -k - 9, -4*k - 3*j + 1374 = 0. Calculate the remainder when k is divided by u.
54
Let t(w) = -2042*w + 79751. Suppose -159 = -4*l - 3*z, l + 0*z = -5*z + 61. What is the remainder when t(39) is divided by l?
5
Let h = 90 - 55. Suppose -h*f - 504 = -56*f. What is the remainder when 86 is divided by f?
14
Let g(q) = -q**3 - 22*q**2 + 13*q + 15. Let h be g(-24). Let j = -681 + h. Calculate the remainder when j is divided by 11.
9
Let i(r) = 4*r - 9. Let t(s) = -151*s + 162. What is the remainder when i(6) is divided by t(1)?
4
Let z(d) = -d**3 - 75*d**2 + 31*d + 2326. What is the remainder when 770 is divided by z(-75)?
0
Let c(u) = -50*u - 1. What is the remainder when 2594 is divided by c(-1)?
46
Calculate the remainder when 391 is divided by 30/35*(163 - 9 - 0).
127
Let a = -45 + 67. Suppose -26*x + a*x = -8. Suppose x*b - 408 = -2*b. Calculate the remainder when b is divided by 26.
24
Suppose -3*b + 106 = -2*v + 72, 4*b = 4*v + 52. Calculate the remainder when 662 is divided by b.
6
Let b(v) = -17*v**2 + 9*v**2 + 46 + 2*v**2 + 7*v**2 - 20*v. Let y be b(19). Let o = y + -16. Calculate the remainder when 42 is divided by o.
9
Calculate the remainder when -105*2*-1 + (2 - 0) is divided by 181.
31
Let q(s) = -s**3 + 123*s**2 - 467*s - 45. Calculate the remainder when q(119) is divided by 505.
16
What is the remainder when 421 is divided by (-6 - 2) + (208/8 - -5)?
7
Let f = -520 - -516. What is the remainder when 150 - 1 - (16/f - 0) is divided by 32?
25
Suppose 2378 + 2882 = 10*f. What is the remainder when f is divided by 5?
1
Suppose -2*r - 3*o + 553 = 0, -o - 147 = -r + 142. Suppose k - 3*k + 10 = 0. Calculate the remainder when r is divided by k.
4
Let q = -452 + 499. Suppose 578 = -q*v + 5325. Calculate the remainder when v is divided by 22.
13
Let q(t) = 27*t - 11. Let i(n) = 55*n - 22. Let v(b) = -4*i(b) + 9*q(b). Let f be v(5). Let a = f + -83. What is the remainder when 61 is divided by a?
19
Let g = -5 - -6. Let u(y) = 21*y + 2. Calc